{"id":138,"date":"2023-09-10T23:41:01","date_gmt":"2023-09-11T02:41:01","guid":{"rendered":"https:\/\/feisebe.com.br\/?page_id=138"},"modified":"2023-09-11T14:56:00","modified_gmt":"2023-09-11T17:56:00","slug":"fale-conosco","status":"publish","type":"page","link":"http:\/\/feisebe.com.br\/?page_id=138","title":{"rendered":"Fale Conosco"},"content":{"rendered":"<p><img decoding=\"async\" loading=\"lazy\" class=\"alignnone size-medium wp-image-16\" src=\"http:\/\/feisebe.com.br\/wp-content\/uploads\/2023\/08\/cropped-FEISEBE-LOGO-300x100.png\" alt=\"\" width=\"300\" height=\"100\" \/><\/p>\n<p>Entre em contato conosco e participe da \u00fanica feira focada exclusivamente no setor de Bebidas.<\/p>\n<p><strong>Telefone\u00a0 11 9 9977 5511<\/strong><\/p>\n<p><strong>Whatsapp\u00a0 \u00a0 \u00a0 \u00a0 11 9 8888 8288<\/strong><\/p>\n<p><strong>E=mail\u00a0 \u00a0 \u00a0 \u00a0comercial@feisebe.com.br<\/strong><\/p>\n<p><strong>Reserve j\u00e1 seu espa\u00e7o em condi\u00e7\u00f5es diferenciadas e fa\u00e7a grandes neg\u00f3cios.<\/strong><\/p>\n<p>&nbsp;<\/p>\n","protected":false},"excerpt":{"rendered":"<p>Entre em contato conosco e participe da \u00fanica feira focada exclusivamente no setor de Bebidas. Telefone\u00a0 11 9 9977 5511 Whatsapp\u00a0 \u00a0 \u00a0 \u00a0 11 9 8888 8288 E=mail\u00a0 \u00a0 &hellip; <\/p>\n","protected":false},"author":1,"featured_media":0,"parent":0,"menu_order":0,"comment_status":"closed","ping_status":"closed","template":"","meta":[],"_links":{"self":[{"href":"http:\/\/feisebe.com.br\/index.php?rest_route=\/wp\/v2\/pages\/138"}],"collection":[{"href":"http:\/\/feisebe.com.br\/index.php?rest_route=\/wp\/v2\/pages"}],"about":[{"href":"http:\/\/feisebe.com.br\/index.php?rest_route=\/wp\/v2\/types\/page"}],"author":[{"embeddable":true,"href":"http:\/\/feisebe.com.br\/index.php?rest_route=\/wp\/v2\/users\/1"}],"replies":[{"embeddable":true,"href":"http:\/\/feisebe.com.br\/index.php?rest_route=%2Fwp%2Fv2%2Fcomments&post=138"}],"version-history":[{"count":5,"href":"http:\/\/feisebe.com.br\/index.php?rest_route=\/wp\/v2\/pages\/138\/revisions"}],"predecessor-version":[{"id":198,"href":"http:\/\/feisebe.com.br\/index.php?rest_route=\/wp\/v2\/pages\/138\/revisions\/198"}],"wp:attachment":[{"href":"http:\/\/feisebe.com.br\/index.php?rest_route=%2Fwp%2Fv2%2Fmedia&parent=138"}],"curies":[{"name":"wp","href":"https:\/\/api.w.org\/{rel}","templated":true}]}}